{"id":59,"date":"2024-03-13T15:57:37","date_gmt":"2024-03-13T14:57:37","guid":{"rendered":"http:\/\/52.59.3.57.nip.io\/solar\/?page_id=59"},"modified":"2024-12-23T09:27:14","modified_gmt":"2024-12-23T08:27:14","slug":"staerken","status":"publish","type":"page","link":"https:\/\/ks-solar.com\/solar\/staerken\/","title":{"rendered":"St\u00e4rken"},"content":{"rendered":"\n<div class=\"wp-block-group alignwide has-global-padding is-layout-constrained wp-block-group-is-layout-constrained\" style=\"padding-top:var(--wp--preset--spacing--60);padding-bottom:var(--wp--preset--spacing--60)\">\n<div class=\"wp-block-columns alignwide is-layout-flex wp-container-core-columns-is-layout-1 wp-block-columns-is-layout-flex\">\n<div class=\"wp-block-column is-layout-flow wp-block-column-is-layout-flow\">\n<figure class=\"wp-block-image size-full animated slideInLeft\"><img loading=\"lazy\" decoding=\"async\" width=\"2400\" height=\"1600\" src=\"https:\/\/ks-solar.com\/solar\/wp-content\/uploads\/sites\/7\/2024\/03\/getty-images-uuwTXVMvNxg-unsplash.webp\" alt=\"\" class=\"wp-image-21\" style=\"aspect-ratio:3\/4;object-fit:cover\" srcset=\"https:\/\/ks-solar.com\/solar\/wp-content\/uploads\/sites\/7\/2024\/03\/getty-images-uuwTXVMvNxg-unsplash.webp 2400w, https:\/\/ks-solar.com\/solar\/wp-content\/uploads\/sites\/7\/2024\/03\/getty-images-uuwTXVMvNxg-unsplash-300x200.webp 300w, https:\/\/ks-solar.com\/solar\/wp-content\/uploads\/sites\/7\/2024\/03\/getty-images-uuwTXVMvNxg-unsplash-1024x683.webp 1024w, https:\/\/ks-solar.com\/solar\/wp-content\/uploads\/sites\/7\/2024\/03\/getty-images-uuwTXVMvNxg-unsplash-768x512.webp 768w, https:\/\/ks-solar.com\/solar\/wp-content\/uploads\/sites\/7\/2024\/03\/getty-images-uuwTXVMvNxg-unsplash-1536x1024.webp 1536w, https:\/\/ks-solar.com\/solar\/wp-content\/uploads\/sites\/7\/2024\/03\/getty-images-uuwTXVMvNxg-unsplash-2048x1365.webp 2048w\" sizes=\"(max-width: 2400px) 100vw, 2400px\" \/><\/figure>\n<\/div>\n\n\n\n<div class=\"wp-block-column is-vertically-aligned-center is-layout-flow wp-block-column-is-layout-flow\">\n<div class=\"wp-block-group has-global-padding is-layout-constrained wp-block-group-is-layout-constrained\">\n<h2 class=\"wp-block-heading animated slideInRight has-sunfire-orange-color has-text-color has-link-color wp-elements-059f9e518b28f22ea2cbc09351b649ef\">\u00dcberzeugende Qualit\u00e4t und Netzwerkst\u00e4rke in der Photovoltaik<\/h2>\n\n\n\n<p>Wir liefern Ihnen:<\/p>\n\n\n\n<ul>\n<li>Bew\u00e4hrte Markenprodukte mit hohen Qualit\u00e4tsstandards<\/li>\n\n\n\n<li>Reibungslose Abl\u00e4ufe<\/li>\n\n\n\n<li>Schnelle Reaktion auf unerwartete Ereignisse<\/li>\n\n\n\n<li>Breite Netzwerkbasis an Fachleuten und Handelspartner<\/li>\n\n\n\n<li>Anlagen mit hoher Leistungsf\u00e4higkeit und langer Lebensdauer<\/li>\n\n\n\n<li>Hohe Fachkompetenz und Expertise in der Projektierung und Realisierung von Anlagen verschiedenster Gr\u00f6\u00dfenordnungen und Komplexit\u00e4ten<\/li>\n<\/ul>\n<\/div>\n<\/div>\n<\/div>\n<\/div>\n\n\n\n<div class=\"wp-block-group alignwide has-global-padding is-layout-constrained wp-block-group-is-layout-constrained\" style=\"padding-top:var(--wp--preset--spacing--60);padding-bottom:var(--wp--preset--spacing--60)\">\n<div class=\"wp-block-columns alignwide columns-reverse-on-mobile is-layout-flex wp-container-core-columns-is-layout-2 wp-block-columns-is-layout-flex\">\n<div class=\"wp-block-column is-vertically-aligned-center is-layout-flow wp-block-column-is-layout-flow\">\n<h2 class=\"wp-block-heading animated slideInLeft has-sunfire-orange-color has-text-color has-link-color wp-elements-5f5f105947bbf6ed71bec811867a8c72\">Kundenspezifische Photovoltaikl\u00f6sungen und nachhaltige Energiezukunft<\/h2>\n\n\n\n<div class=\"wp-block-group has-global-padding is-layout-constrained wp-block-group-is-layout-constrained\">\n<p class=\"animated slideInLeft\">Wir sind stolz darauf, seit \u00fcber 16 Jahren ma\u00dfgeschneiderte L\u00f6sungen f\u00fcr unsere Kunden zu entwickeln, die den Bed\u00fcrfnissen unserer Kunden gerecht werden und gleichzeitig f\u00fchrend in Effizienz und Zuverl\u00e4ssigkeit sind. Dar\u00fcber hinaus legen wir gro\u00dfen Wert auf eine umfassende Kundenbetreuung von der Planung bis zur Inbetriebnahme und dar\u00fcber hinaus.<\/p>\n<\/div>\n<\/div>\n\n\n\n<div class=\"wp-block-column is-layout-flow wp-block-column-is-layout-flow\">\n<figure class=\"wp-block-image size-full animated slideInRight\"><img loading=\"lazy\" decoding=\"async\" width=\"2400\" height=\"1600\" src=\"https:\/\/ks-solar.com\/solar\/wp-content\/uploads\/sites\/7\/2024\/03\/hrant-khachatryan-DiGnkTe-8Bc-unsplash.webp\" alt=\"\" class=\"wp-image-25\" style=\"aspect-ratio:3\/4;object-fit:cover\" srcset=\"https:\/\/ks-solar.com\/solar\/wp-content\/uploads\/sites\/7\/2024\/03\/hrant-khachatryan-DiGnkTe-8Bc-unsplash.webp 2400w, https:\/\/ks-solar.com\/solar\/wp-content\/uploads\/sites\/7\/2024\/03\/hrant-khachatryan-DiGnkTe-8Bc-unsplash-300x200.webp 300w, https:\/\/ks-solar.com\/solar\/wp-content\/uploads\/sites\/7\/2024\/03\/hrant-khachatryan-DiGnkTe-8Bc-unsplash-1024x683.webp 1024w, https:\/\/ks-solar.com\/solar\/wp-content\/uploads\/sites\/7\/2024\/03\/hrant-khachatryan-DiGnkTe-8Bc-unsplash-768x512.webp 768w, https:\/\/ks-solar.com\/solar\/wp-content\/uploads\/sites\/7\/2024\/03\/hrant-khachatryan-DiGnkTe-8Bc-unsplash-1536x1024.webp 1536w, https:\/\/ks-solar.com\/solar\/wp-content\/uploads\/sites\/7\/2024\/03\/hrant-khachatryan-DiGnkTe-8Bc-unsplash-2048x1365.webp 2048w\" sizes=\"(max-width: 2400px) 100vw, 2400px\" \/><\/figure>\n<\/div>\n<\/div>\n<\/div>\n","protected":false},"excerpt":{"rendered":"<p>\u00dcberzeugende Qualit\u00e4t und Netzwerkst\u00e4rke in der Photovoltaik Wir liefern Ihnen: Kundenspezifische Photovoltaikl\u00f6sungen und nachhaltige Energiezukunft Wir sind stolz darauf, seit \u00fcber 16 Jahren ma\u00dfgeschneiderte L\u00f6sungen f\u00fcr unsere Kunden zu entwickeln, die den Bed\u00fcrfnissen unserer Kunden gerecht werden und gleichzeitig f\u00fchrend in Effizienz und Zuverl\u00e4ssigkeit sind. Dar\u00fcber hinaus legen wir gro\u00dfen Wert auf eine umfassende Kundenbetreuung [&hellip;]<\/p>\n","protected":false},"author":2,"featured_media":0,"parent":0,"menu_order":0,"comment_status":"closed","ping_status":"closed","template":"","meta":{"footnotes":""},"_links":{"self":[{"href":"https:\/\/ks-solar.com\/solar\/wp-json\/wp\/v2\/pages\/59"}],"collection":[{"href":"https:\/\/ks-solar.com\/solar\/wp-json\/wp\/v2\/pages"}],"about":[{"href":"https:\/\/ks-solar.com\/solar\/wp-json\/wp\/v2\/types\/page"}],"author":[{"embeddable":true,"href":"https:\/\/ks-solar.com\/solar\/wp-json\/wp\/v2\/users\/2"}],"replies":[{"embeddable":true,"href":"https:\/\/ks-solar.com\/solar\/wp-json\/wp\/v2\/comments?post=59"}],"version-history":[{"count":6,"href":"https:\/\/ks-solar.com\/solar\/wp-json\/wp\/v2\/pages\/59\/revisions"}],"predecessor-version":[{"id":281,"href":"https:\/\/ks-solar.com\/solar\/wp-json\/wp\/v2\/pages\/59\/revisions\/281"}],"wp:attachment":[{"href":"https:\/\/ks-solar.com\/solar\/wp-json\/wp\/v2\/media?parent=59"}],"curies":[{"name":"wp","href":"https:\/\/api.w.org\/{rel}","templated":true}]}}